21?
69
Let c(h) = h**3 + h**2 - 2*h - 1. Let a be c(2). Let k be 1*1/(-3)*-3. Calculate the highest common divisor of k and a.
1
Let c = 51 - -13. Let w(u) = 12*u + 4. Let k be 20/20 - 0/(-2). Let t be w(k). What is the highest common divisor of c and t?
16
Let m(j) = -j**2 + 8*j - 4. Let y be m(4). Let v be (-231)/(-35) - (y/15)/(-2). Suppose -252 = -6*x + 2*x. Calculate the highest common factor of v and x.
7
Let d(i) = -14*i - 72. Let l be d(-8). What is the greatest common factor of 320 and l?
40
Let s be 1 - (-36 + 2 + 1). Suppose 1278 = 3*q + 5*o + 340, 4*q - 1236 = -3*o. What is the greatest common divisor of s and q?
34
Suppose 0 = -5*s + 13 + 42. Let i(t) = 23*t + 8. Let u be i(-7). Let w = u + 241. What is the highest common factor of s and w?
11
Let r(s) = -35*s - 195. Let y be r(-6). Calculate the greatest common factor of 975 and y.
15
Suppose -1528 = -7*b + 488. What is the highest common divisor of 160 and b?
32
Let q(w) = -w**3 + 4*w**2 + 7*w - 9. Let n be q(4). Calculate the highest common factor of n and 95.
19
Suppose 3*v - 3 = 4*v, 0 = 2*f + 3*v - 21. Calculate the highest common divisor of 65 and f.
5
Let w be (1 + (-24)/21)/(6/(-126)). Calculate the highest common factor of w and 285.
3
Let q(b) = 2*b + 6. Let k be q(6). Let m be (36/(-10))/(3/(-75)). Calculate the highest common divisor of m and k.
18
Let z = -1304 - -1319. What is the highest common factor of z and 1140?
15
Let x(l) = -l + 17. Let g be x(11). Let u be 1 - (g/(-4))/((-3)/(-124)). Let s = 12 + -3. Calculate the greatest common factor of u and s.
9
Let a be (38/6)/((-2)/(-6)). Let m = 107 + -105. Suppose g - 63 = -5*o, -m*o - 195 = -5*g - 3*o. Calculate the highest common factor of a and g.
19
Let o(x) = 4*x**2 - 2*x - 13. Let f be o(6). Let t = f + -110. What is the highest common factor of 153 and t?
9
Let u = -261 - -375. Let m = -28 + 33. Suppose -3*a + u = 3*z, 2*a = m*z + 23 + 18. What is the highest common factor of 11 and a?
11
Suppose 4*s = 16, -69*q + 4*s + 740 = -65*q. What is the greatest common factor of 54 and q?
27
Let v(z) = -8*z + 96. Let t be v(-18). What is the greatest common divisor of 150 and t?
30
Let v = 207 - 206. What is the highest common factor of v and 7?
1
Suppose -4*s = s + 35. Let i be (-2 - -3)*(-4 - s). Let w = i - -5. What is the highest common factor of 64 and w?
8
Let y(j) = -j**3 + 10*j**2 + 13*j + 9. Let h be y(11). Let g be -5 - 27/(-6) - h/(-2). What is the greatest common divisor of g and 10?
5
Suppose -17*p + 339 = 67. Calculate the greatest common divisor of 56 and p.
8
Let t(q) be the second derivative of -q**4/12 + 3*q**3/2 - 9*q**2/2 + 11*q. Let r be t(5). What is the greatest common factor of r and 22?
11
Let n = 14 + -4. Let k(l) = 2*l**2 - 11*l - 2. Let t be k(n). What is the highest common factor of 8 and t?
8
Let s be (-3)/(-4) + (6 - 138/24). What is the greatest common divisor of 29 and s?
1
Suppose -80 = -27*y + 244. Calculate the greatest common factor of y and 148.
4
Let f(j) = 13*j + 233. Let a be f(-13). Calculate the greatest common divisor of a and 40.
8
Let h = -1 - 2. Let i be -5 - h - (1 - 0). Let j(r) = -r + 3. Let w be j(i). Calculate the highest common factor of 18 and w.
6
Suppose -3*g - 5*q + 6 = -0, 5*g = -4*q + 10. Suppose 1 - 31 = g*c. Let s be (c/10)/((-9)/114). Calculate the highest common divisor of s and 171.
19
Let f(j) = 2*j**3 + j**2. Suppose -2*v - 1 = -3*v. Let t be f(v). Let n be (-100)/(-5) - (0 - t). What is the highest common factor of n and 46?
23
Let d(p) = p**3 + 14*p**2 + 8*p - 32. Let m be d(-13). What is the highest common factor of 132 and m?
33
Let v(i) = i**2 + 14*i + 24. Let l be v(-14). Suppose 3*h + 105 = 393. Suppose 0*x - h = -4*x. What is the highest common factor of l and x?
24
Let w = 189 - 131. Calculate the highest common divisor of 203 and w.
29
Suppose -12*q = 37*q - 26117. What is the highest common divisor of q and 164?
41
Let a(q) = 10*q**2 - 2. Let s be a(4). Let l = s + -74. Let p be ((-5)/(-2) + -2)*l. What is the greatest common factor of 28 and p?
14
Let u be 16/48 - (-23)/3 - 4. Calculate the greatest common divisor of u and 52.
4
Let d(r) = r + r - 105 + 6*r**2 + 93 + 3*r. Let a be d(-6). What is the highest common divisor of 29 and a?
29
Suppose -5*k - 4*m + 19 = 0, -m = -3*k + 2*m + 6. Suppose -k - 14 = -d + 5*t, -61 = -2*d + t. What is the highest common factor of 80 and d?
16
Let w be 11/33*1143*3. Calculate the highest common divisor of 9 and w.
9
Let o = -3246 - -3267. Suppose 0 = -a + 42 + 147. Calculate the highest common factor of a and o.
21
Suppose -3*j = 5*z + 2 + 3, -4*j = 3*z + 3. Let u be 22/4*z*-26. Calculate the greatest common factor of 13 and u.
13
Let j = -491 - -791. Calculate the highest common factor of j and 36.
12
Suppose -133 = -13*w + 777. What is the highest common divisor of 20 and w?
10
Suppose 4 = 4*q, 2*q - 60 = x - q. Suppose 0*s + 374 = -2*z - 5*s, -3*z - 5*s = 561. Let h = x - z. Calculate the highest common factor of 13 and h.
13
Let z be 895/4 - 1/(-4). Suppose 39*j = 18*j - 34*j + 1540. What is the highest common divisor of z and j?
28
Suppose -4*k = 2*a, 36 = 2*a - 0*a - 5*k. What is the highest common divisor of a and 1?
1
Let j be -2*(-12)/9*-3. Let s = j + 12. Calculate the highest common factor of 1 and s.
1
Let x = -4 - -4. Let f be (x - 1/(-1))*2. Let s be -2*f*90/(-8). Calculate the highest common divisor of s and 18.
9
Let s be (-2)/5 + 22/5. Let l(z) = -13*z + 84. Let t be l(4). Calculate the greatest common factor of s and t.
4
Suppose 5*o - 725 = -5*q, 0 = -2*q - 4*o + 367 - 81. Calculate the greatest common factor of q and 196.
49
Let q = 1860 - 976. Calculate the greatest common factor of 68 and q.
68
Let v = 42 - 37. Suppose -v*d + 860 = -4*t, -659 + 145 = -3*d + 2*t. What is the greatest common factor of d and 21?
21
Let l(c) = -c**3 - 11*c**2 + 12*c + 2. Let f be l(-12). Let h be (f/(-14))/(1/(-7)). Calculate the highest common divisor of 1 and h.
1
Let h(r) = 10*r**2 - 2. Let y be h(-2). Let b be 4/(-8)*(0 - y). Let x be 20/5 - (-55 + 2). Calculate the highest common divisor of b and x.
19
Let i(g) = -34*g - 27. Let d be i(-2). Calculate the highest common divisor of 205 and d.
41
Let d be 9/(-11)*-34 + 4/22. Let o(s) = -s**2 + 7*s + 13. Let c be o(9). Let f be 70/c*(-6)/2. What is the greatest common divisor of d and f?
14
Suppose 4*v + 283 = -3*s, 289 = -4*v - 0*s - s. Let d = v - -78. Calculate the greatest common factor of 20 and d.
5
Let j = 5 - -19. Suppose -5*d - j = -3*d. Let s(i) = -i**2 - 12*i + 13. Let c be s(d). What is the highest common factor of 65 and c?
13
Let w be 1/(6/3 + (-6)/4). Suppose w*o + 2*o = 8. Calculate the highest common divisor of o and 1.
1
Let j be 4/(-6) - (-82)/6. Let h(w) = -2148*w + 1. Let a be h(-3). Let v be 6/(-27) + a/45. Calculate the greatest common divisor of j and v.
13
Let i = -117 - -131. Suppose -3*v - 5*b + 361 = 0, -b = -2*v + b + 214. What is the greatest common factor of i and v?
14
Let o = -17 + 41. Let i(a) = 13*a**2 + 2*a - 1. Let m be i(1). Let r be 2 - (10/(-14) - 4/m). What is the highest common factor of r and o?
3
Let h = 152 + -141. Calculate the highest common divisor of h and 1.
1
Let h be 1/(-2) - 2/(-4). Let s = 9 + h. Let b be 21 - (3 - 6)/(-1). What is the greatest common divisor of s and b?
9
Let y = 211 + -85. Suppose -37*u + 38*u - 14 = 0. What is the greatest common factor of u and y?
14
Let s = -2216 - -2826. What is the greatest common factor of 20 and s?
10
Suppose 245*o - 238*o = 112. What is the greatest common divisor of 176 and o?
16
Suppose -5 - 15 = -4*c, -c - 4 = -3*t. Suppose 20*i - 21*i + t = 0. What is the highest common divisor of i and 3?
3
Suppose -144*b + 440 = -133*b. What is the highest common factor of 2020 and b?
20
Let z(l) = 2*l**2. Let j be z(1). Suppose 17 = v - m, -4*v + 27 + 23 = j*m. Suppose 12*y - v*y + 22 = 0. Calculate the greatest common divisor of 99 and y.
11
Let p be 150/175*(-644)/(-2). Calculate the greatest common factor of 92 and p.
92
Suppose -3*p + 4*o = 2, p - 2*p + 2*o = 4. Let u be ((-9)/(-6))/((-6)/(-8)). Suppose -20 = -u*s - 8. What is the highest common divisor of p and s?
6
Let q = 52 - 111. Let r = q - -73. Calculate the greatest common factor of r and 154.
14
Let 